base 16, what is 5c0 + -5b?
565
In base 14, what is d6aa - 52?
d658
In base 7, what is -4 - 313632?
-313636
In base 2, what is 101111011 + 11111?
110011010
In base 8, what is 120 - -7060?
7200
In base 14, what is -1c1233 + 5?
-1c122c
In base 6, what is -2544150 - -3?
-2544143
In base 4, what is 2321 - 11003213?
-11000232
In base 12, what is 41166 - -5?
4116b
In base 15, what is -60365 + 0?
-60365
In base 3, what is -1011022 - 10?
-1011102
In base 3, what is -1211011 - 121?
-1211202
In base 14, what is 5 + -d516?
-d511
In base 16, what is -2ab62 + -13?
-2ab75
In base 10, what is -35 - -763?
728
In base 8, what is 15 - -50626?
50643
In base 11, what is 5519 - 5?
5514
In base 12, what is -141 + -2b1?
-432
In base 13, what is 1410 + 228?
1638
In base 8, what is 3 + 2750?
2753
In base 7, what is 35424341 + -2?
35424336
In base 8, what is 22506 - -13?
22521
In base 5, what is 2 + 2144222?
2144224
In base 5, what is 2 - -22340001?
22340003
In base 4, what is 101002023 - 30?
101001333
In base 11, what is -3 - 36710?
-36713
In base 14, what is 242 + -49?
1d7
In base 13, what is 6911c - -1?
69120
In base 2, what is 1101110 + -1000110?
101000
In base 11, what is -a10 + 27?
-994
In base 9, what is 5547 + 4?
5552
In base 5, what is -1124412340 - -1?
-1124412334
In base 4, what is -2 - -2110001310?
2110001302
In base 7, what is 451245 + 1?
451246
In base 5, what is 12440 - -24?
13014
In base 7, what is -2336343 + 3?
-2336340
In base 3, what is -12 + -20110221?
-20111010
In base 11, what is 0 + 8227?
8227
In base 9, what is 7 + 125707?
125715
In base 2, what is -110 - 1001011010100?
-1001011011010
In base 13, what is 7a6 - -29?
802
In base 5, what is 4 + -224031?
-224022
In base 11, what is -1588 - 84?
-1661
In base 14, what is 60687 + 4?
6068b
In base 2, what is 11101111 - -101111110100000?
110000010001111
In base 8, what is 4154 + -35?
4117
In base 2, what is -100110011111001101011 - 10?
-100110011111001101101
In base 10, what is -4 + -20540?
-20544
In base 8, what is 111306 + -5?
111301
In base 13, what is 3 - 321?
-31b
In base 14, what is -15 + -53a0?
-53b5
In base 3, what is 12211212211 + -10?
12211212201
In base 16, what is 2 + -9d02?
-9d00
In base 8, what is 321643 + 0?
321643
In base 5, what is -10400322 + 4?
-10400313
In base 16, what is 6604 - -5?
6609
In base 3, what is -1102 - -221012?
212210
In base 15, what is -b - 1e?
-2a
In base 16, what is -6 + -3cc48?
-3cc4e
In base 6, what is -1 - -13534404?
13534403
In base 4, what is -220 - -12030?
11210
In base 8, what is 7 - 6047?
-6040
In base 13, what is -154 - -523?
39c
In base 16, what is 26b + 3?
26e
In base 9, what is -12653 + -3?
-12656
In base 5, what is 132 + -2221203?
-2221021
In base 5, what is -2444041 + 100?
-2443441
In base 15, what is -6 + 81e9?
81e3
In base 12, what is -259 + -320?
-579
In base 4, what is -1003 + 12221?
11212
In base 2, what is -101000 - 10111111001111?
-10111111110111
In base 5, what is -1242214 - 12?
-1242231
In base 11, what is -512 + -728?
-113a
In base 15, what is -a49b + 22?
-a479
In base 15, what is -c + -1ac5d?
-1ac6a
In base 9, what is 3 + -77686?
-77683
In base 2, what is 10110011011 - -100?
10110011111
In base 14, what is -694 - 1b?
-6b1
In base 16, what is -458 + 5e?
-3fa
In base 5, what is -1 + 11344343?
11344342
In base 2, what is -110000101110000001 + -1?
-110000101110000010
In base 7, what is 336 + 324?
663
In base 14, what is -14 + ab1?
a9b
In base 5, what is -10331 - 1104?
-11440
In base 15, what is 25 + ba0?
bc5
In base 11, what is -1690 + 61?
-162a
In base 6, what is -21 + -2355?
-2420
In base 12, what is -1b05 + 4?
-1b01
In base 15, what is 1b68 + e?
1b77
In base 9, what is -1850347 + 0?
-1850347
In base 7, what is 11 - -252051?
252062
In base 13, what is -65c - 3?
-662
In base 3, what is -202100010 + 11?
-202022222
In base 2, what is -101101110111000 + 1001?
-101101110101111
In base 9, what is 26 + -21373?
-21346
In base 16, what is 5 - -385a?
385f
In base 2, what is -10001101010001001100 + -111?
-10001101010001010011
In base 6, what is 252 - -1245?
1541
In base 2, what is -1001001010000110 + -11?
-1001001010001001
In base 12, what is 27232 - -2?
27234
In base 9, what is 22370 - 217?
22152
In base 9, what is -1 + 276876?
276875
In base 6, what is 5133342 - -4?
5133350
In base 9, what is -5 - -1458544?
1458538
In base 15, what is 18 - -36793?
367ab
In base 6, what is -22405351 - -5?
-22405342
In base 16, what is fbba6 - 4?
fbba2
In base 15, what is 5 - 64068?
-64063
In base 13, what is -8 + 1bb69?
1bb61
In base 4, what is 331311103 - -2?
331311111
In base 12, what is -99bb - -1?
-99ba
In base 3, what is -1202110 + 21?
-1202012
In base 13, what is -3 - -143?
140
In base 9, what is 112 + 205?
317
In base 14, what is 459 + -a8?
391
In base 15, what is 76794 - -5?
76799
In base 13, what is -a88 - 4?
-a8c
In base 5, what is -424010 + 23?
-423432
In base 10, what is 16 + -3677?
-3661
In base 3, what is -1202221102 - -2?
-1202221100
In base 2, what is -101100 - -1011011010000010?
1011011001010110
In base 11, what is 146 + 2268?
2403
In base 10, what is -8751 - 21?
-8772
In base 9, what is -10364 + -20?
-10384
In base 14, what is -5 + -188190?
-188195
In base 11, what is 145 - 6aa5?
-6960
In base 16, what is 186 - -3b?
1c1
In base 13, what is -44c2a6 - 0?
-44c2a6
In base 3, what is -10 - -221021202021?
221021202011
In base 5, what is 14 - -220113?
220132
In base 2, what is -10100011111011010 + 10?
-10100011111011000
In base 16, what is -21 - -42f3?
42d2
In base 13, what is -48 - 5306?
-5351
In base 5, what is 143144202 + 10?
143144212
In base 11, what is -182 + 72?
-110
In base 9, what is -806426 - -3?
-806423
In base 9, what is 3 + -336324?
-336321
In base 14, what is 6 + 4d5?
4db
In base 14, what is 25 - 1402c?
-14007
In base 6, what is 242 - -13243?
13525
In base 12, what is -1 + 2a6a90?
2a6a8b
In base 11, what is -1925 - a?
-1934
In base 9, what is 727 - 46?
671
In base 6, what is 32023251 + 4?
32023255
In base 14, what is -a7a7 - -7?
-a7a0
In base 4, what is 2202311 + -32?
2202213
In base 3, what is 12 + -10020222000?
-10020221211
In base 5, what is -10 + -423112?
-423122
In base 14, what is -3 + -427b?
-4280
In base 14, what is -33c - -1?
-33b
In base 5, what is -24 - 3003244?
-3003323
In base 11, what is 27575 + 0?
27575
In base 16, what is 941f + -2?
941d
In base 5, what is 100 - -10332224?
10332324
In base 2, what is 101 + -111001001110110?
-111001001110001
In base 7, what is -1 - -24111?
24110
In base 8, what is -312140 + 2?
-312136
In base 14, what is 335 - 139?
1da
In base 6, what is -31002244 - 0?
-31002244
In base 6, what is 13002 + 53?
13055
In base 14, what is a + -164c?
-1642
In base 10, what is -5 - 132816?
-132821
In base 14, what is 193b3 + 0?
193b3
In base 2, what is -1101 - -11111011110101101?
11111011110100000
In base 7, what is 1236201 + -3?
1236165
In base 5, what is -1 - -400040?
400034
In base 15, what is -2 - -305b?
3059
In base 15, what is 2483c - -2?
2483e
In base 11, what is 278350 - -4?
278354
In base 4, what is -112111032 - 3?
-112111101
In base 9, what is 100 + 70478?
70578
In base 8, what is 20114 + -42?
20052
In base 6, what is 1104 + -3005?
-1501
In base 4, what is -120 - 22021?
-22201
In base 10, what is -1287 - 89?
-1376
In base 14, what is 13402c - -4?
134032
In base 3, what is -11 + 12122102?
12122021
In base 8, what is 17 - -2054?
2073
In base 8, what is -3172 - 2?
-3174
In base 8, what is 5 - -444271?
444276
In base 12, what is -9 - 27a1?
-27aa
In base 8, what is 13613 - 70?
13523
In base 5, what is -1322 - 130131?
-132003
In base 7, what is -151613 - -66?
-151514
In base 5, what is 10 - -431131?
431141
In base 6, what is 25 + -5504?
-5435
In base 6, what is 413454 - -100?
413554
In base 3, what is -11 - 210022002?
-210022020
In base 15, what is -14b - 2?
-14d
In base 15, what is 8e + -3d3?
-344
In base 13, what is -5 - 88c56?
-88c5b
In base 5, what is -131112133 - -4?
-131112124
In base 11, what is -111a - a96?
-2105
In base 5, what is 4143000 - -10?
4143010
In base 12, what is 2a - 218?
-1aa
In base 9, what is -5 - -828711?
828705
In base 4, what is 131200010 + -13?
131133331
In base 9, what is -21 - 164?
-185
In base 16, what is -17d0 + -7?
-17d7
In base 13, what is -6448 - -6?
-6442
In base 11, what is -23